8 = -2*m. What is the hundreds digit of m?
1
Let j = -6 - -2. What is the tens digit of (-80)/(-15)*(-15)/j?
2
Suppose -2*b - 5*q = -b - 104, -5*b - 5*q + 500 = 0. What is the tens digit of b?
9
Let x = 2 - -3. Suppose -2*m = 5*k - 45, 3*m - x*k + 3*k - 58 = 0. Let y = m + -8. What is the tens digit of y?
1
Suppose -4*b - 91 = -o, -o - b + 107 = 3*b. Let p = o - 68. What is the units digit of p?
1
Suppose -56 - 19 = -5*h. Let t = h + -9. What is the units digit of t?
6
Let q be -3*((-2)/(-1) - 3). What is the units digit of (-3 + (-76)/(-6))*q?
9
Suppose -2*t = -4*u - 10 + 4, -5*u + 5 = -5*t. Let s(c) = -c**3 + 5*c**2 - 6*c + 1. Let a be s(4). Let z = u - a. What is the units digit of z?
3
Suppose 0 = 3*k - 5*r + 22, -5*k - 16 - 30 = r. Let g = 8 - k. What is the units digit of g?
7
Let n = -13 - -16. Let c be 5 - (2 - (2 + 0)). Suppose c*s + 5*b - 65 = 0, n*s - 41 = 4*b - 6*b. What is the units digit of s?
5
Suppose -4*x + 8 = t, -3*x = t + 4*t - 40. Let p = t - 3. What is the units digit of p?
5
Let y = 649 - 418. What is the units digit of y?
1
Let i(r) = -r**3 - 4*r**2 + 4*r + 4. Let u be i(-6). Let b = 17 - u. Let d = -23 - b. What is the units digit of d?
2
Suppose 5 = x - 10. Suppose 1 = -y + x. What is the units digit of y?
4
Let l(o) = o**2 + 4*o - 5. Let z be l(-5). Suppose 5 = 5*d - z*d. Suppose -13 = -4*i - d. What is the units digit of i?
3
Let g be (-1)/5 - 84/(-20). Suppose 0 = -2*v - 4*x + 3 + 15, 32 = 4*v + g*x. Suppose 0 = -4*s + v + 33. What is the tens digit of s?
1
Suppose 4*w = -5*t + 5, 0 = -2*w + 5*w - 15. Let g = t - -12. What is the units digit of g?
9
Let w be ((-6)/(-3))/2*3. Suppose 3*a + 1 = 2*h, 5*h - 25 = w*a - 0*a. Suppose -h*c + 68 = -4*c. What is the units digit of c?
7
Let y(r) = 5*r**3 + r - 1. Let l be 4/2 - 4/4. Let h be y(l). Suppose j - 6*j = -h. What is the units digit of j?
1
Suppose -5*h + 2*t = -135, 3*t + 18 = 3*h - 54. What is the units digit of h?
9
Let j = -26 + 52. Let d = j + -14. What is the units digit of d?
2
Let w(z) = -z**2 + 14*z - 13. What is the units digit of w(9)?
2
Let d = 9 + 15. Let n = -6 + d. What is the units digit of n?
8
Suppose -4 = -4*s - 16. What is the units digit of (-8)/(-12) + (-28)/s?
0
Let k(w) = w**3 + 7*w**2 - 8*w + 2. Let q be k(-8). Suppose -4 = -2*a + q. Suppose 4*g - 5*h = 13, 2*g + a*g - 5 = -5*h. What is the units digit of g?
2
Suppose -2*v = 6*q - 2*q - 236, 5*q + v - 301 = 0. What is the tens digit of q?
6
Suppose v - 33 = -6. What is the tens digit of v?
2
Let n = 7 - 5. Let r(i) = 6*i**2 - i + 1. What is the units digit of r(n)?
3
Suppose c + 0*c - 2 = 0. What is the units digit of (c*-4)/(6/(-12))?
6
Let i(r) be the first derivative of r**2/2 + 4*r - 1. Let y be i(0). Suppose 2*j - 2 = 5*l + 26, 3*j - y*l = 28. What is the units digit of j?
4
Let d = 0 - -2. What is the units digit of 1/d + (-1)/(-2)?
1
Let g = 2 + -9. Let s(a) = -a**2 + 1. Let b be s(-2). Let t = b - g. What is the units digit of t?
4
Let a = 107 - 54. What is the units digit of a?
3
Suppose -3*v = -0*v - 9. Let m = -6 - -9. Suppose 6 = m*r + 4*y - 1, v*y - 7 = -4*r. What is the units digit of r?
1
Suppose -3*f - 12 = -0*f. Let m be f/(-14) - 208/(-7). Let t = m + -18. What is the tens digit of t?
1
Suppose -9*r = -167 - 22. What is the tens digit of r?
2
Suppose g = 28 + 41. What is the tens digit of g?
6
Suppose -2*g = -5*z + 45, 3 + 6 = z - 2*g. What is the units digit of z?
9
Let j = -631 + 883. What is the hundreds digit of j?
2
Let h(v) = 4*v + 11. Let x be h(-8). Let c = -8 - x. What is the units digit of c?
3
Let a(m) = m**2 - 9*m + 10. What is the units digit of a(11)?
2
Let t = 165 - 313. Let j = t - -54. What is the units digit of (-2)/5 + j/(-10)?
9
Suppose -20 = 4*t - 4*f, -5*t + 2*f - 20 = -2*f. Let d(v) = -v**3 - v**2 + 10. What is the tens digit of d(t)?
1
Suppose 5*t - 3*l - 18 = 12, 4*l = -2*t - 14. Suppose 45 = 3*j - t*h, 4*j - 32 - 14 = -3*h. What is the tens digit of j?
1
Suppose -4*v + 5*p - 65 = 0, 5*v + 3*p = -p - 30. What is the units digit of ((-8)/8)/(2/v)?
5
Suppose 4*p - 4*x - 4 = -0, 2*x = -2. Suppose p = -5*l + l + 16. What is the units digit of l?
4
Suppose 0*u = -j + 3*u + 17, -j = 3*u - 11. Suppose 2*r - 14 = j. What is the tens digit of r?
1
Let n(a) = -12*a + 11. What is the units digit of n(-3)?
7
Let b be 0/(-2) - (-20 - 2). Suppose -5*j - 5*h = -30, -b = -2*j - 8*h + 4*h. What is the units digit of j?
1
Suppose a + 4*a - 160 = 0. What is the tens digit of a?
3
Suppose 0 = 4*x - 6 - 10. Suppose -x*b - 4*s = -b + 14, -2*s = 10. What is the units digit of b?
2
Let l = -75 - -130. What is the tens digit of l?
5
Let y(z) = z**2 - 12*z - 17. Let h be y(13). What is the units digit of h*1/(-2) + 2?
4
Suppose 0 = -2*w + 4*i + 52, 2*w - 9 = -3*i + 8. What is the units digit of w?
6
Suppose -5*x + 4*o - 10 = 0, -3*x + 22 = 4*o - 4. Let j = x + 7. What is the units digit of j?
9
Suppose b - w = 7, 3*b - 19 = -5*w + 9*w. Suppose 3 = 4*o - b. What is the units digit of o?
3
Let n(i) = 7*i - 5. Let s(q) = -4*q + 1. Let r be s(-1). What is the tens digit of n(r)?
3
Let u be 1 - -5 - (6 - 8). Suppose 20 = u*z - 4*z. What is the units digit of (-21)/(-2) - z/(-10)?
1
Let m be (4/6)/(10/(-15)). Let p be 1/(2/(-20)*-2). Let g = p + m. What is the units digit of g?
4
Suppose 2*t + 4*v = -0*v + 24, 0 = -2*t + 2*v. Let k(z) = -t - 3*z + 0*z + 3. What is the units digit of k(-1)?
2
Suppose -5*q = -2*q - 36. Suppose 0 = 4*m + q, 0*m - 75 = -2*u + 5*m. What is the tens digit of u?
3
Let m be (-5 + 0 + -1)/(-1). Let q be m/(2 + 14/(-8)). Suppose 0 = -z + 3, 0 = 4*x - x - z - q. What is the units digit of x?
9
Let f be 2/7 + 38/14. Let b be (2 - (1 - f))*1. Suppose 3*q - 44 = k, -3*q - b*k + 12 = -7. What is the tens digit of q?
1
Suppose 0 = -4*y - 4 + 12. Suppose 141 = 4*k + 5*q, 24 = -y*k - 5*q + 87. What is the tens digit of k?
3
Let s = 11 - 8. Let i(j) = -j**3 + 3*j**2 + j - 1. What is the units digit of i(s)?
2
Suppose 3*b - 3 = 5*y, 3*y + 4*b - 2 = 2*b. Suppose -5*w + 24 = w. What is the units digit of y - 0 - (3 - w)?
1
Suppose 0 = -2*o + o. Let v = 19 + -1. Suppose -v = -3*z - o*z. What is the units digit of z?
6
Suppose 4*v - 55 = -2*q + 3*v, 2 = -2*v. What is the tens digit of q?
2
Let f(t) = 3 - 5 - t + 3. Let c be f(-3). Let b = c - -2. What is the units digit of b?
6
Suppose 12*k = 7*k + 5. Suppose 3*m + 2*n + 14 = -2*m, 2*m + 2*n = -8. What is the units digit of (1/(-2))/(k/m)?
1
Let k(h) = 3*h**2 + h + 1. Let s be (5 - 5) + 0/1. Suppose 0 = -o + 3, s*t + 3*t = -3*o + 6. What is the units digit of k(t)?
3
Let j be (-3)/2*(-10)/(-15). Let t(m) = -6*m. What is the units digit of t(j)?
6
Let w(p) = -p**3 + 6*p**2 - 5*p - 2. Suppose y + 3*y + 28 = 0. Let k be y/(-2) - (-2)/4. What is the tens digit of w(k)?
1
What is the units digit of ((-385)/(-20))/((-1)/(-4))?
7
Suppose 3*s + 2*s = 0. Suppose 3*t - 10 = -2*i, s*i = -4*t - 2*i + 14. What is the units digit of t?
4
Let n(v) = 0*v**2 + v - 6*v - v**2 + 4. Suppose -10 = -0*m + 2*m. What is the units digit of n(m)?
4
Suppose 6*j - 33 = 9. What is the units digit of j?
7
Let l(t) = -10*t**3 + 4*t**2 - 2*t - 1. What is the tens digit of l(-2)?
9
Let x(i) = -i**2 + 2*i - 1. Let j be x(2). What is the tens digit of (35/21)/(j/(-12))?
2
Let b be 63*(7/3 + -2). Let s = b - 16. What is the units digit of s?
5
Suppose -z + 19 = 2*h, z - 5*z + 86 = 3*h. Let l = z - -10. What is the units digit of l?
3
Let p(j) = 3*j**2 - 4*j - 2. Let o(a) = 0*a + 3*a**2 - 7*a - 4 + 4*a**2. Let w(i) = 2*o(i) - 5*p(i). What is the units digit of w(6)?
2
What is the tens digit of 0/(-4) + 64/1?
6
Suppose 0 = -4*g + 95 - 27. Suppose 5*u = 3*u - o + 128, 3*o = -6. Suppose 0 = 3*c + g - u. What is the units digit of c?
6
Let q = -21 + 27. What is the units digit of (2/q)/((-2)/(-270))?
5
What is the tens digit of -2 + 38/((-6)/(-3))?
1
Let u = 19 - 12. What is the units digit of u?
7
Let t(h) = 2*h**2 - 4*h + 3. Let s(j) = -j + 2. Let x be s(0). Let f be t(x). Suppose 5 - f = k. What is the units digit of k?
2
What is the tens digit of (3 + 10)/1 - -1?
1
Suppose 1 = -3*s - 2*l, 8 = -2*s - 5*l - 0. What is the tens digit of (s + -31)*(-9 + 8)?
3
Let v(j) = 9*j**2 + j. Let s be v(-1). Let d(h) = -h**3 + 8*h**2 + 3*h - 4. What is the tens digit